d by 21.
20
Calculate the remainder when 200 is divided by 38.
10
Calculate the remainder when 173 is divided by 87.
86
Calculate the remainder when 143 is divided by 22.
11
Calculate the remainder when 13265 is divided by 66.
65
Calculate the remainder when 119 is divided by 46.
27
What is the remainder when 1614 is divided by 279?
219
What is the remainder when 11805 is divided by 288?
285
Calculate the remainder when 466 is divided by 356.
110
Calculate the remainder when 79 is divided by 25.
4
Calculate the remainder when 385 is divided by 183.
19
What is the remainder when 2924 is divided by 14?
12
Calculate the remainder when 107 is divided by 6.
5
Calculate the remainder when 45 is divided by 43.
2
What is the remainder when 482 is divided by 2?
0
Calculate the remainder when 1726 is divided by 851.
24
What is the remainder when 663 is divided by 135?
123
Calculate the remainder when 4717 is divided by 121.
119
Calculate the remainder when 494 is divided by 62.
60
Calculate the remainder when 18559 is divided by 320.
319
What is the remainder when 1921 is divided by 275?
271
Calculate the remainder when 37 is divided by 34.
3
Calculate the remainder when 114 is divided by 50.
14
What is the remainder when 654 is divided by 10?
4
Calculate the remainder when 258 is divided by 47.
23
Calculate the remainder when 238 is divided by 37.
16
Calculate the remainder when 1472 is divided by 447.
131
Calculate the remainder when 66 is divided by 22.
0
Calculate the remainder when 82 is divided by 9.
1
Calculate the remainder when 607 is divided by 251.
105
Calculate the remainder when 166 is divided by 34.
30
Calculate the remainder when 1420 is divided by 158.
156
What is the remainder when 95 is divided by 87?
8
What is the remainder when 8282 is divided by 11?
10
Calculate the remainder when 1892 is divided by 5.
2
What is the remainder when 1830 is divided by 54?
48
Calculate the remainder when 1540 is divided by 351.
136
What is the remainder when 4656 is divided by 20?
16
Calculate the remainder when 185 is divided by 87.
11
Calculate the remainder when 730 is divided by 92.
86
What is the remainder when 4343 is divided by 12?
11
What is the remainder when 101 is divided by 15?
11
What is the remainder when 124 is divided by 32?
28
What is the remainder when 42 is divided by 16?
10
Calculate the remainder when 1283 is divided by 1271.
12
What is the remainder when 120 is divided by 29?
4
What is the remainder when 168 is divided by 38?
16
What is the remainder when 377 is divided by 227?
150
Calculate the remainder when 734 is divided by 8.
6
Calculate the remainder when 1571 is divided by 99.
86
Calculate the remainder when 46 is divided by 39.
7
What is the remainder when 217 is divided by 6?
1
What is the remainder when 1167 is divided by 16?
15
Calculate the remainder when 41 is divided by 25.
16
What is the remainder when 17295 is divided by 16?
15
What is the remainder when 368 is divided by 15?
8
Calculate the remainder when 256 is divided by 24.
16
Calculate the remainder when 243 is divided by 190.
53
Calculate the remainder when 1407 is divided by 178.
161
Calculate the remainder when 104 is divided by 40.
24
What is the remainder when 167 is divided by 38?
15
What is the remainder when 475 is divided by 153?
16
What is the remainder when 2264 is divided by 71?
63
Calculate the remainder when 29 is divided by 4.
1
What is the remainder when 167 is divided by 26?
11
Calculate the remainder when 745 is divided by 27.
16
Calculate the remainder when 1381 is divided by 553.
275
What is the remainder when 141 is divided by 36?
33
Calculate the remainder when 1174 is divided by 581.
12
What is the remainder when 5370 is divided by 32?
26
What is the remainder when 1556 is divided by 173?
172
What is the remainder when 1094 is divided by 186?
164
Calculate the remainder when 50 is divided by 13.
11
What is the remainder when 209 is divided by 60?
29
What is the remainder when 5257 is divided by 1745?
22
Calculate the remainder when 1058 is divided by 65.
18
Calculate the remainder when 29 is divided by 26.
3
Calculate the remainder when 157 is divided by 53.
51
What is the remainder when 101 is divided by 6?
5
What is the remainder when 46549 is divided by 49?
48
What is the remainder when 3247 is divided by 171?
169
What is the remainder when 235 is divided by 120?
115
What is the remainder when 768 is divided by 55?
53
Calculate the remainder when 1509 is divided by 214.
11
Calculate the remainder when 91 is divided by 68.
23
Calculate the remainder when 11371 is divided by 47.
44
What is the remainder when 51 is divided by 39?
12
Calculate the remainder when 3570 is divided by 188.
186
Calculate the remainder when 2009 is divided by 168.
161
Calculate the remainder when 342 is divided by 86.
84
Calculate the remainder when 217 is divided by 49.
21
Calculate the remainder when 66 is divided by 24.
18
What is the remainder when 491 is divided by 103?
79
What is the remainder when 281 is divided by 59?
45
Calculate the remainder when 54 is divided by 16.
6
What is the remainder when 378 is divided by 19?
17
What is the remainder when 1024 is divided by 512?
0
What is the remainder when 188 is divided by 40?
28
Calculate the remainder when 77921 is divided by 23.
20
What is the remainder when 609 is divided by 102?
99
Calculate the remainder when 34 is divided by 11.
1
What is the remainder when 2461 is divided by 247?
238
Calculate the remainder when 31 is divided by 4.
3
Calculate the remainder when 1162 is divided by 167.
160
Calculate the remainder when 1641 is divided by 136.
9
Calculate the remainder when 944 is divided by 86.
84
Calculate the remainder when 125 is divided by 105.
20
Calculate the remainder when 29 is divided by 17.
12
What is the remainder when 332 is divided by 120?
92
What is the remainder when 594 is divided by 55?
44
What is the remainder when 87 is divided by 49?
38
What is the remainder when 586 is divided by 583?
3
What is the remainder when 710 is divided by 13?
8
Calculate the remainder when 2376 is divided by 64.
8
What is the remainder when 295 is divided by 147?
1
Calculate the remainder when 9879 is divided by 6.
3
What is the remainder when 1223 is divided by 35?
33
Calculate the remainder when 1185 is divided by 239.
229
Calculate the remainder when 249 is divided by 51.
45
What is the remainder when 492 is divided by 31?
27
What is the remainder when 36117 is divided by 14?
11
What is the remainder when 946 is divided by 470?
6
Calculate the remainder when 445 is divided by 116.
97
Calculate the remainder when 109 is divided by 49.
11
Calculate the remainder when 341 is divided by 86.
83
Calculate the remainder when 5759 is divided by 80.
79
Calculate the remainder when 136 is divided by 3.
1
What is the remainder when 1991 is divided by 6?
5
What is the remainder when 174 is divided by 5?
4
What is the remainder when 2071 is divided by 61?
58
What is the remainder when 1862 is divided by 262?
28
What is the remainder when 1819 is divided by 96?
91
Calculate the remainder when 5247 is divided by 30.
27
Calculate the remainder when 683 is divided by 9.
8
Calculate the remainder when 128 is divided by 67.
61
What is the remainder when 1131 is divided by 54?
51
Calculate the remainder when 4466 is divided by 109.
106
Calculate the remainder when 644 is divided by 129.
128
Calculate the remainder when 395 is divided by 180.
35
Calculate the remainder when 241 is divided by 27.
25
What is the remainder when 435 is divided by 20?
15
Calculate the remainder when 424 is divided by 105.
4
What is the remainder when 369 is divided by 24?
9
What is the remainder when 597 is divided by 79?
44
Calculate the remainder when 474 is divided by 309.
165
Calculate the remainder when 8398 is divided by 150.
148
Calculate the remainder when 557 is divided by 43.
41
Calculate the remainder when 1966 is divided by 27.
22
What is the remainder when 884 is divided by 292?
8
What is the remainder when 2252 is divided by 49?
47
Calculate the remainder when 1057 is divided by 106.
103
What is the remainder when 11465 is divided by 21?
20
What is the remainder when 2747 is divided by 172?
167
Calculate the remainder when 6